culate 3 + (3 - (4 + 2)) + -1.
-1
What is the value of (-13 - -4) + (3 - 1) - -4?
-3
What is 3 + 4 + -8 + 5?
4
Evaluate -7 + -1 + (132 - 129).
-5
What is the value of -8 + 7 + -3 - (-2 + 0)?
-2
Calculate -11 - -11 - (1 + 4).
-5
What is the value of 1 + -4 + 1 - -3?
1
What is the value of (-1 - 7) + 202 + -196?
-2
-5 + (-6 - -3 - -6)
-2
Evaluate -5 + (1 - (-2 - -4)).
-6
Evaluate (59 - 54) + -2 + -1.
2
Calculate -9 - -15 - -1 - 5.
2
What is the value of 13 + 0 + -4 - 0?
9
-4 - ((1 - (-3 - -7)) + 2)
-3
Evaluate 3 + 0 + -7 - -5.
1
Evaluate 4 + -1 + (-2 - 0) + -6.
-5
Calculate 1 - ((0 - 2) + -4 + 2).
5
Evaluate 5 - (2 - (-3 - -6 - -2)).
8
What is the value of -3 + 5 + 0 - (0 - -4)?
-2
What is the value of 6 + 6 + -7 + -3 + 5?
7
Calculate 2 - (1 + (-1 - 0)).
2
What is (2 + 1 - (-10 - -4)) + 0?
9
What is 5 - (0 - (-1 - 9))?
-5
What is (-3 - (2 - 2)) + 1 + 1?
-1
Calculate 0 + 4 - 3 - 0.
1
Calculate 1 + (-5 + 6 - -6).
8
What is -11 - (-17 - -12 - (0 - 0))?
-6
Evaluate 9 + (0 - -2) + -7.
4
Evaluate -3 + 6 + (3 - 16).
-10
What is the value of -1 + (5 - -2) - (0 - -3)?
3
Calculate 2 + -2 - (9 + -5 + 3).
-7
What is the value of (307 - 314) + (1 - (-1 - 1))?
-4
What is -10 - -1 - (-38 + 36)?
-7
What is -44 + 43 - (-1 - (0 - 1))?
-1
Evaluate -2 + 4 + -3 - (2 - 1).
-2
Calculate 38 + -46 - (-2 + -1).
-5
What is the value of -3 + (5 - (5 + (-3 - -1)))?
-1
Calculate (11 - (-5 + 5)) + -11.
0
What is the value of -4 - -2 - (-5 + -4) - 2?
5
Calculate -2 + (3 - (6 - 2)) - -1.
-2
Calculate 0 - (-2 - 0 - (-2 + -4)).
-4
What is the value of 11 + 8 + -14 + -2?
3
What is the value of (24 - 24) + 2 + (1 - 5)?
-2
Evaluate 5 + -6 + 3 - 4.
-2
Evaluate 2 - ((-7 - (-3 + -6)) + -8).
8
3 - (7 + 3) - -8
1
What is (3 - (5 - 7)) + -3?
2
(0 - (-2 + 3)) + 9 + -6
2
What is the value of (-7 - -6) + 5 + (-8 - 0)?
-4
What is the value of -3 + 1 + (-5 - -7) + -4?
-4
What is 0 - -1 - -5 - 4?
2
Evaluate ((-5 - -7) + 4 - 1) + -5.
0
Evaluate 2 - (-3 - -2 - 2) - 2.
3
What is 20 + -21 + (2 - (0 + -8))?
9
What is 13 + -8 + -4 + (3 - -1)?
5
What is (6 - (-1 + 4)) + (3 - 2)?
4
What is the value of -4 + (5 - (3 + -1))?
-1
Evaluate -2 - (5 + -3 + 1 + -1).
-4
What is (-4 - -2) + 0 + 4?
2
What is -1 + 0 - (-4 + -1)?
4
What is the value of 2 + -2 + -2 - (0 - 5)?
3
Evaluate 1 - ((4 - 3) + (0 - 2)).
2
(3 - -1) + -3 - 0
1
What is 10 - (-3 + -1 + 9)?
5
What is 0 + 1 - (-1 + 2) - 5?
-5
Evaluate -2 + 3 + -2 + 2.
1
Calculate (14 - (6 - 1)) + -9.
0
What is -14 - -4 - (4 + -5)?
-9
Calculate 7 - (-4 + 2 - -3 - -2).
4
Calculate 11 + -13 + 7 + -6.
-1
What is (-4 - 4) + (-8 - -7) + 6?
-3
Evaluate -6 - ((-1 - 3) + (6 - 3)).
-5
What is (-26 - -35) + (-3 - 0)?
6
Evaluate (-1 - 4) + 6 + -4.
-3
What is the value of (3 - 0) + (-24 - -20) + -1?
-2
What is (0 - 3) + -3 + 1 + 5?
0
6 - (-3 - (-4 + 3) - -3)
5
What is (16 - 9) + 0 + 1 + 1?
9
Evaluate 25 + -21 + -10 + 0.
-6
Calculate (0 - 0) + 1 - (13 + -9).
-3
What is 14 - 11 - 2 - 2?
-1
Evaluate 3 + -8 - (-17 - -16).
-4
Evaluate -5 - -1 - -6 - -2.
4
What is the value of 76 + -83 - (0 + -3)?
-4
3 + -16 + 8 + (-2 - -1)
-6
Evaluate -4 + (6 - 0) - (1 + -2).
3
What is the value of -4 - (-7 - (5 + 2 - 19))?
-9
What is (-5 - (0 + -12 + 6)) + -7?
-6
What is -6 + 2 + (0 - -6)?
2
Calculate -75 + 90 + (-3 - 6).
6
Evaluate 0 - (-2 + (-1 - -4) - -3).
-4
Calculate (2 - (-1 + 3)) + -4.
-4
Evaluate -1 + (-3 - -1 - (7 - 10)).
0
What is 2 - (-5 - -4) - -1?
4
What is the value of 1 - 6 - (0 + -2) - 2?
-5
Evaluate 0 + 8 + (-5 - -3).
6
What is -5 - (3 - (9 - 4))?
-3
Calculate -6 + 11 + 0 + 1 + -8.
-2
What is the value of (0 - 3) + 1 + (9 - 3)?
4
Evaluate (-5 - -2) + (9 - 13 - -9).
2
What is 1 - 5 - (-28 + 23)?
1
What is the value of (10 - 10) + (2 - 2)?
0
Calculate 3 + (-9 - -2 - (0 - 1)).
-3
What is -13 + 15 - (-1 + 2)?
1
(4 - 2) + -6 + 0
-4
What is the value of -3 + (-1 - (-1 - -1)) + 7?
3
Evaluate 11 - (2 + 17 - 9).
1
-2 - -3 - (8 - 10)
3
Calculate -14 + 15 - (-1 - 0 - -1).
1
Calculate (-6 - (7 + -20)) + (-1 - 11).
-5
What is the value of (4 - (5 + (5 - 4))) + 1?
-1
What is the value of 2 - -3 - (34 + -29)?
0
Evaluate -6 - (4 + (-1 - (2 + 6))).
-1
Calculate -8 + 8 + (0 - 0) + -6.
-6
What is (1 - 2) + -5 - (3 - 7)?
-2
1 - (-5 + 4 + 1)
1
Evaluate 2 - 6 - -3 - -3 - 3.
-1
Calculate 1 + -6 - (-12 - (8 + -8)).
7
What is the value of 2 + -7 + 8 + -3 + -2?
-2
Evaluate (-1 - 2) + -5 + 0.
-8
What is the value of (-10 - (-7 - -6)) + 4?
-5
What is 3 - (-4 + -8 + 13)?
2
What is the value of 17 + -11 - (0 + (0 - 0))?
6
What is -1 + -3 - (18 + -18)?
-4
Evaluate 9 + -6 - (1 - 7) - 7.
2
What is 3 + 3 - 3 - (0 + 6)?
-3
What is the value of 8 + -6 + (-1 - (1 + -3))?
3
What is 4 + (-5 - (-5 - (-3 - -1)))?
2
Calculate 3 - 1 - (-1 + (0 - -7)).
-4
Calculate -19 - -20 - (0 + 3).
-2
-1 + -1 - (-6 + 6 + -2)
0
Evaluate 9 - 4 - 14 - -2.
-7
What is 1 - (3 - ((1 - 9) + 5))?
-5
-1 - 1 - (-3 + 4 + -2)
-1
What is the value of 3 + 0 + -4 + 3 + -7?
-5
Evaluate (-1 - 0) + -1 - -6.
4
Evaluate (-7 - (3 - 10)) + (0 - -2).
2
Evaluate (-1 - 1) + 14 + -3 + -1.
8
What is 7 + (-52 - -30) + 1 + 6?
-8
Evaluate 2 + -5 - (21 - 27).
3
(6 - -7) + -8 - -4
9
Calculate 5 - -1 - (17 - (20 + -2)).
7
What is the value of -7 + -7 + 13 + 5 + -4?
0
Evaluate -1 + (13 - -1) - 2 - 6.
5
What is the value of 2 + (4 + -5 - 4) + 6?
3
-1 + -3 + (5 - 2) + -3
-4
What is the value of -5 - (-5 + 1 + -3 - -2)?
0
What is the value of 4 + (-9 - -7) + -4 + 1?
-1
Evaluate -4 + -4 - ((11 - 3) + -7).
-9
What is the value of (-4 - -9) + -13 + (5 - -2)?
-1
Evaluate 3 + -4 + -2 + -5 + 4.
-4
Evaluate 4 + -1 + (5 - 3).
5
1 - -2 - (51 + -41)
-7
Calculate -6 + (2 - -1) + 1.
-2
What is the value of (8 + -7 - 10) + 3?
-6
What is 1 + 0 + (11 - 3) + -2?
7
What is -7 + 5 - (3 - 5)?
0
Evaluate 21 - 15 - (1 - -6).
-1
What is the value of -4 - ((1 + -1 - 5) + -1)?
2
What is the value of -5 + (4 - 4 - (0 + 1))?
-6
-3 + -5 + 1 + 8 + -5
-4
Calculate -18 + 9 + 1 - -5.
-3
What is the value of 3 - (-1 + 1) - (0 - 1)?
4
Evaluate 2 - 3 - (-3 - 1).
3
-2 + (-5 - (-4 + -6))
3
What is -1 - 0 - (-1 - (-4 + 2))?
-2
4 + -6 - (1 - 1)
-2
What is -1 - (3 + (-4 - -1))?
-1
Calculate -3 - -5 - (-8 - (-1 - 11)).
-2
Calculate -90 + 93 + (0 - 0) + -8.
-5
Evaluate (4 - -3) + -5 - (0 - 0).
2
-7 + 11 + (2 - 4)
2
What is -5 + 2 - -12 - 0?
9
What is -1 - (-3 + -5 + 1)?
6
Calculate -5 + (-7 - (-4 + -10)).
2
Calculate -7 + -4 + 7 - (-6 - 0).
2
-2 + 6 - (3 + -4)
5
What is 1 + (0 - -2) + -6 + 3?
0
Calculate 11 + (0 - 15) - (-1 - 10).
7
Calculate 2 + 0 + -1 + 1 - 6.
-4
5 - (3 + (4 - 10))
8
(0 - (1 + -4)) + -1 + 0
2
What is (-18 - -20) + (-2 - 0)?
0
(1 - (0 - (-4 + 4))) + -4
-3
What is the value of 3 + (-8 - 0 - (0 + 3))?
-8
Calculate 1 + (10 - (7 - 4)) + -4.
4
What is -2 + 0 + 4 + (0 - 2)?
0
What is -4 + 8 - (-1 - -9)?
-4
Evaluate -8 - ((-6 - 10) + 6).
2
Calculate 9 - (5 - (-2 + -1) - 4).
5
Evaluate -8 + (-9 + 0 - -16).
-1
What is 3 - (0 + (-1 - -2))?
2
Calculate 0 - (7 - 3) - -5 - -3.
4
-3 - (-6 - -8 - (-1 - -1))
-5
Evaluate 9 + 3 - (3 + -2 + 5).
6
1 + -5 - (-9 + 12 - -2)
-9
What is the value of (0 - (8 + -5)) + 7?
4
What is the value of 9 + 0 + 7 + -18?
-2
Evaluate 5 - (-11 + 24 + -7).
-1
Evaluate (-2 - (-3 + 8)) + 2 + 1.
-4
What is the value of -1 + -1 + -2 + (2 - 0)?
-2
Evaluate 0 - (2 - -1 - 6).
3
12 + (-1 - 3) + (1 - 7)
2
Evaluate 2 - (5 - 8) - 9.
-4
Calculate 8 - (-1 - 5 - (14 + -23)).
5
What is -3 + (4 - 8) + 12?
5
Calculate -7 + -1 - (-107 - -91).
8
What is -29 - -27 - (2 - -1)?
-5
Evaluate -2 - 7 - -2 - (-15 - -15).
-7
What is (4 - 0) + -4 + 0?
0
6 + (9 - (9 - -4))
2
-1 + -1 + -67 + 67
-2
What is the value of -93 + 93 - (1 + 1)?
-2
What is the value of (-7 + 4 - 1) + 5 + -2?
-1
Calculate -8 - (5 + -5 - 7).
-1
What is (87 - 88) + (9 - 1 - 1)?
6
What is -8 + 13 + -1 + -1?
3
What is -8 - (-3 + 10 + -9)?
-6
Evaluate (8 + -4 - 2 - 6) + 7.
3
What is 2 - (4 + -8 + 4)?
2
What is the value of -2 + 4 + 2 - 0 - 3?
1
What is the value of -1 + 1 - (5 - -2 - 2)?
-5
-1 - 2 - (9 + -6 + -5)
-1
What is 18 + 1 - (-169 + 179)?
9
What is the value of 19 + -26 - (1 - 8)?
0
Calculate 25 + -26 - (-3 + -1).
3
8 - (9 - 1) - (-1 + 1)
0
What is (-17 - -3) + (28 - 22)?
-8
What is (8 - (12 - 3)) + (-1 - -1)?
-1
Calculate 5 + 3 - (5 - 2).
5
Calculate 9 + (-7 - (-4 + 2)).
4
Calculate -9 + (5 + 0 - -11).
7
Evaluate -23 + 20 + (0 - 5).
